{"id":2005,"date":"2025-02-17T10:23:56","date_gmt":"2025-02-17T13:23:56","guid":{"rendered":"https:\/\/dafesta.com.br\/?post_type=product&#038;p=2005"},"modified":"2025-02-17T10:23:56","modified_gmt":"2025-02-17T13:23:56","slug":"alumifesta","status":"publish","type":"product","link":"http:\/\/dafesta.com.br\/?product=alumifesta","title":{"rendered":"Alumifesta"},"content":{"rendered":"<p><span style=\"color: #000000;\">20,0cm x 25,00cm<br \/>\nC\u00f3digo: 1115<br \/>\nPacote com 35 unidades<br \/>\n<\/span><\/p>\n<p><span style=\"color: #000000;\">50,0cm x 60,0cm<br \/>\nC\u00f3digo: 2063<br \/>\nPacote com 100 unidades<\/span><\/p>\n<p><span style=\"color: #000000;\">10,0cm x 00,0cm<br \/>\nC\u00f3digo: 1114<br \/>\nPacote com 200 unidades<\/span><\/p>\n<p><span style=\"color: #000000;\">12,0cm x 12,0cm<br \/>\nC\u00f3digo: 1117<br \/>\nPacote com 200 unidades<\/span><\/p>\n<p><span style=\"color: #000000;\">50,0cm x 60,0cm<br \/>\nC\u00f3digo: 2064<br \/>\nRolo com 03 unidades<\/span><\/p>\n","protected":false},"excerpt":{"rendered":"<p>20,0cm x 25,00cm C\u00f3digo: 1115 Pacote com 35 unidades 50,0cm x 60,0cm C\u00f3digo: 2063 Pacote com 100 unidades 10,0cm x 00,0cm C\u00f3digo: 1114 Pacote com 200 unidades 12,0cm x 12,0cm C\u00f3digo: 1117 Pacote com 200 unidades 50,0cm x 60,0cm C\u00f3digo: 2064 Rolo com 03 unidades<\/p>\n","protected":false},"featured_media":2007,"comment_status":"open","ping_status":"closed","template":"","meta":[],"product_brand":[],"product_cat":[15,34],"product_tag":[],"class_list":{"0":"post-2005","1":"product","2":"type-product","3":"status-publish","4":"has-post-thumbnail","6":"product_cat-todos_produtos","7":"product_cat-diversos","9":"first","10":"instock","11":"sold-individually","12":"shipping-taxable","13":"purchasable","14":"product-type-simple"},"_links":{"self":[{"href":"http:\/\/dafesta.com.br\/index.php?rest_route=\/wp\/v2\/product\/2005","targetHints":{"allow":["GET"]}}],"collection":[{"href":"http:\/\/dafesta.com.br\/index.php?rest_route=\/wp\/v2\/product"}],"about":[{"href":"http:\/\/dafesta.com.br\/index.php?rest_route=\/wp\/v2\/types\/product"}],"replies":[{"embeddable":true,"href":"http:\/\/dafesta.com.br\/index.php?rest_route=%2Fwp%2Fv2%2Fcomments&post=2005"}],"wp:featuredmedia":[{"embeddable":true,"href":"http:\/\/dafesta.com.br\/index.php?rest_route=\/wp\/v2\/media\/2007"}],"wp:attachment":[{"href":"http:\/\/dafesta.com.br\/index.php?rest_route=%2Fwp%2Fv2%2Fmedia&parent=2005"}],"wp:term":[{"taxonomy":"product_brand","embeddable":true,"href":"http:\/\/dafesta.com.br\/index.php?rest_route=%2Fwp%2Fv2%2Fproduct_brand&post=2005"},{"taxonomy":"product_cat","embeddable":true,"href":"http:\/\/dafesta.com.br\/index.php?rest_route=%2Fwp%2Fv2%2Fproduct_cat&post=2005"},{"taxonomy":"product_tag","embeddable":true,"href":"http:\/\/dafesta.com.br\/index.php?rest_route=%2Fwp%2Fv2%2Fproduct_tag&post=2005"}],"curies":[{"name":"wp","href":"https:\/\/api.w.org\/{rel}","templated":true}]}}